en 8 is divided by j?
0
Suppose 4*s - 190 = -3*o, 0*o - 4*o = 3*s - 146. Let a(h) = -4*h - 4. Calculate the remainder when s is divided by a(-7).
22
Let b(p) = -p**2 + 2*p - 1. Let k be b(1). Suppose k = 2*i + 1 + 25. Let w = 51 + i. Calculate the remainder when w is divided by 13.
12
Let c = 119 + -78. Calculate the remainder when c is divided by 11.
8
Suppose k - 1 = 0, 67 = 3*q + 6*k - 2*k. What is the remainder when q*(1 + 1/(-3)) is divided by 8?
6
Let l(z) = z**2 + 5*z - 7. Let v be l(-5). Let p = v - -7. Suppose -4*d + 2*w + 2 + 4 = p, 0 = -2*d - 5*w + 9. Calculate the remainder when 3 is divided by d.
1
Let y(p) = -p**2 + 9*p - 6. Let q be y(8). Suppose -q*x - 70 = -7*x. What is the remainder when x is divided by 8?
6
Suppose 1 + 7 = 2*r. Let y(p) = 3*p - 6. What is the remainder when y(r) is divided by 16/(-2)*(-1)/2?
2
Suppose 10 = 3*a + 1. What is the remainder when (-1 - -3)/(1/12) is divided by (-78)/(-2)*1/a?
11
Let h(t) = 4*t + 5. Calculate the remainder when 96 is divided by h(7).
30
Let p = 17 + 8. Let k(y) be the first derivative of -y**4/4 - 2*y**3/3 + 5*y**2/2 - 3*y - 2. What is the remainder when p is divided by k(-4)?
7
Suppose 3*p + 7 = 4*p. What is the remainder when 25 is divided by p?
4
Suppose -4*i = -91 + 11. Let m(h) = -9*h - 1. Let s be m(1). Calculate the remainder when 8 is divided by ((-6)/s)/(4/i).
2
Suppose 18 = -4*q + a, 2*q = q - 5*a - 15. Let b be 28/(-2 + q/(-2)). Suppose -5*n = -n - b. What is the remainder when n is divided by 5?
4
Let z be ((-45)/36)/((-2)/8). Suppose z*d - 7 = 28. Calculate the remainder when 19 is divided by d.
5
Calculate the remainder when 138/10 + (-1)/(-5) is divided by 4.
2
Let f(t) = -3*t + 2. Let a be (6 + 0 + 2)*-1. Calculate the remainder when 77 is divided by f(a).
25
Let p = 41 - -28. Calculate the remainder when p is divided by 37.
32
Calculate the remainder when 48 is divided by ((-152)/(-6))/((-22)/(-33)).
10
Let i(v) = -20*v - 1. Suppose 2*g = x + 44 + 47, -3*x = -3*g + 138. Suppose 4*d = 179 + g. What is the remainder when d is divided by i(-1)?
18
Suppose -3*y + 32 = 8. What is the remainder when 22 is divided by y?
6
Let o = -17 + 62. What is the remainder when 224 is divided by o?
44
Let w(c) = 5*c + 4*c - 6*c - 1 + 2*c**3. What is the remainder when w(3) is divided by 32?
30
Suppose -77 = 4*u + 4*v + 47, 4*u - 5*v + 133 = 0. Let y = -16 - u. Let s(b) = -8*b - 11. What is the remainder when s(-9) is divided by y?
13
Suppose 0 = 4*c - 6 - 6. Suppose c*z = 3*o + 39, -o = 2*o - 9. Suppose -6*a + 584 = 206. What is the remainder when a is divided by z?
15
Let t be 4/(-22) - (-68)/11. Suppose -2*k + d - 3 = -4*k, -t = 2*k + 4*d. Let n = 14 + -9. What is the remainder when n is divided by k?
2
Let v = -48 + 74. What is the remainder when v is divided by 10?
6
Let d = 60 + -34. Let l(f) = f**2 + 8*f + 2. Let x be l(-3). Calculate the remainder when d is divided by 0 - 0 - (-1 + x).
12
What is the remainder when 4 + 0 - (1/(-1) + -39) is divided by 15?
14
Suppose -16*c - 37 = -17*c. Suppose -3*v + n + c = 0, -11 = -3*v + 2*v + n. Calculate the remainder when 51 is divided by v.
12
Let d = -6 + 2. Let n(o) = -o - 3 + o**2 + 2 - 3. What is the remainder when n(d) is divided by 6?
4
Let z = 3 + 0. What is the remainder when z is divided by 4*5/10*-2 - -5?
0
Let i(p) = p + 4. Let h be i(3). Suppose -2*l = -5 - h. Let s = -6 + 16. Calculate the remainder when s is divided by l.
4
Let s be ((-2)/(-3))/((-6)/153). Let r = s + 30. What is the remainder when 50 is divided by r?
11
Suppose 0 = 2*b - 0*b - 40. Suppose -3*j + 8*j = b. Calculate the remainder when 12 is divided by j.
0
Suppose 20 = 5*d - d. Suppose -3*n - 6 = -d*r, 9 + 18 = 5*r + 4*n. Suppose r*b + 3*y = 6*b - 42, 2*b - 3*y = 26. Calculate the remainder when b is divided by 9.
7
Suppose -3*n = -21 - 60. Calculate the remainder when n is divided by 6.
3
Let i(h) = -3*h**3 - h**2. Suppose -6*k = -2*k + 4. Let f be i(k). Let t(g) = 4*g**2 - 2. What is the remainder when 53 is divided by t(f)?
11
Calculate the remainder when ((-21)/(-2) - 0)*14/3 is divided by 13.
10
Suppose -2*c + a + 16 = 0, 2*c + a + 0*a - 24 = 0. What is the remainder when 28 is divided by c?
8
What is the remainder when 81 is divided by (3/(-15)*14)/((-1)/10)?
25
Suppose 140 = 4*n + t, 0*n + 5*t = -5*n + 175. Calculate the remainder when n is divided by 12.
11
Let j(s) = 5*s**2 - 2. Let o(q) = -q - 19. Let a be o(-15). What is the remainder when (a/(-10))/((-3)/(-255)) is divided by j(2)?
16
Suppose -5*u - 9 = -44. Let g = 7 - 5. Suppose 56 = 4*i - g*z, 4*i - i - 2*z - 43 = 0. What is the remainder when i is divided by u?
6
Suppose -4*x - 3*i + 63 = 0, -18 = 5*x - i - 73. Calculate the remainder when 45 is divided by x.
9
Let b(x) = -4*x - 5. Calculate the remainder when 88 is divided by b(-9).
26
Suppose 5*b + i = 93, 0 = -5*b + 4*i + 49 + 54. Calculate the remainder when b is divided by 1 - (2 - 3)*4.
4
Suppose -q - 48 = -59. What is the remainder when q is divided by -2*-1*(0 + 3)?
5
Suppose -4*q + 9*q + v = 115, -5*q + 115 = 4*v. Calculate the remainder when 65 is divided by q.
19
Suppose 29 = o + 104. What is the remainder when 21 is divided by o/(-10) + 6/(-4)?
3
Suppose 4*u = n - 67, -4*n + 0*u + 340 = 2*u. What is the remainder when n is divided by 21?
20
Let u = 106 - 48. Calculate the remainder when u is divided by 15.
13
Suppose -17 = -o + 2*r - 0*r, 2*o - 5*r - 38 = 0. Calculate the remainder when 15 is divided by o.
6
Suppose -5*r + 3 = -2, -5*j + 55 = -5*r. Calculate the remainder when j is divided by 8.
4
Suppose -3 + 5 = d. What is the remainder when 5 is divided by d?
1
Let x(k) = 4*k**2 - 3*k + 2. What is the remainder when x(-5) is divided by 30?
27
Let g = 45 - -8. Suppose u - 8 = -j, 3*u = -u + 3*j + g. Suppose 22 = 5*v - 2*y, 3*y - y + 2 = 0. What is the remainder when u is divided by v?
3
Suppose 5*t - 10 = 4*n - 56, n = -2*t + 5. What is the remainder when 23 is divided by 3*((-48)/n)/(-2)?
7
Suppose -46 = 5*n + 4*r - 342, 0 = 4*n + 2*r - 238. Calculate the remainder when n is divided by 7.
4
Calculate the remainder when 23 is divided by (104/10*(-25)/(-10))/2.
10
Suppose -5*b + 4*q + 6 = -3*b, 0 = -b + 4*q + 3. Suppose -b*z = -c - 154, c + 184 = 3*z + 6*c. Calculate the remainder when z is divided by 11.
9
Suppose 0 = 2*z + 3*z - 35. Let v(a) = -5*a - 1. What is the remainder when z is divided by v(-1)?
3
Let o(s) = 10*s - 3. Suppose 3*c = -0*c + 6. What is the remainder when 65 is divided by o(c)?
14
Let p(g) = g**3 - 5*g**2 + g - 3. Let v be p(5). Suppose 2*y - y - 3*j - v = 0, -4*y + 5*j + 43 = 0. What is the remainder when y is divided by 16/(-6)*18/(-8)?
5
Suppose 81 - 144 = -3*w. Let c be (2/(-4))/(1/(-10)). Suppose -c*a - 21 = -51. What is the remainder when w is divided by a?
3
What is the remainder when 117 is divided by (-50)/(-35)*(-1 + 15)?
17
Suppose 2*j - 64 = 36. Calculate the remainder when j is divided by 3.
2
Let j(x) = -x**2 - 14*x - 4. Let l = 39 + -1. What is the remainder when l is divided by j(-12)?
18
Suppose 3*x = 5*z + 38, -4*z + 13 = -7. What is the remainder when x is divided by 9?
3
Let a be (-1 + (1 - 2))*-1. Let c = 31 - 17. Calculate the remainder when a/(-3) + 244/6 is divided by c.
12
What is the remainder when 16 is divided by 9*2/6 - -3?
4
Let w(l) = 9*l + 4. Calculate the remainder when 121 is divided by w(3).
28
Let p = 4 + 1. Let u = p + 12. What is the remainder when 67 is divided by u?
16
Suppose f + 14 = -4*j - 0*j, -4*f = 5*j + 12. Suppose f*c + 2*c = 5*l + 70, c + 2*l = 11. Calculate the remainder when 27 is divided by c.
12
Let o(f) = f**3 + 6*f**2 + 2*f - 7. Calculate the remainder when o(-5) is divided by 3.
2
What is the remainder when 133 is divided by ((-6)/(-4))/(18/(-552)*-1)?
41
Suppose i - 12 = 5*i. Calculate the remainder when 41 is divided by 11 - (-5 + 2 - i).
8
Suppose -8*i = -11*i + 195. What is the remainder when i is divided by 33?
32
Let t(q) = q**3 - 2*q**2 - q - 4. Calculate the remainder when t(4) is divided by 13.
11
Let h(t) = t**2 - 1 - 3*t**2 + 5*t + 3*t**2. Let x be ((-14)/(-4))/(1/(-2)). Calculate the remainder when 25 is divided by h(x).
12
Suppose 126 - 30 = 4*v. Let t(y) = y**2 - 3*y - 4. Let o be t(6). Let w = v - o. Calculate the remainder when w 